Let z(q) = 12*q**2 - q - 64. Let i(l) = 10*l**2 - l - 54. Let a(v) = 7*i(v) - 6*z(v). Calculate a(-6).
-60
Let m(i) = -465 - 16*i**2 + i**3 + 470 + 34*i**2 - 4*i. Give m(-18).
77
Let k(v) be the second derivative of -v**3/6 + v**2/2 + 4*v. Let z(a) = 3*a - 2. Let c be z(2). Suppose 5*m + c + 21 = 0. What is k(m)?
6
Let l(h) = -h - 7. Suppose d + s - 4 = 0, d = 3*d + 4*s - 4. Suppose -19*u - d = -101. What is l(u)?
-12
Let s(n) = -10*n + 3*n + 3 + 108*n**2 - 209*n**2 + n + 102*n**2. Let z(o) = o**2 + o + 6. Let a be z(0). Let y = -2 + a. Give s(y).
-5
Let f(p) = -59 + 5054*p**3 - 2529*p**3 - 28*p**2 - 2524*p**3 + 29*p. Determine f(27).
-5
Suppose 4*w + 9 = 3*m - 0, -9 = -3*m - w. Let p(d) = -29 - d - 3*d**2 - d**3 + 16*d**2 + d - m*d + 5*d. Calculate p(13).
-3
Let r(w) = 2*w**2 - 4*w - 14. Let p be r(4). Let k(i) = 289*i - 5 - 141*i - 148*i + i**p + i**2. Calculate k(-2).
3
Let f = -1109 + 1965. Suppose -f = i - 861. Let u(m) = m - 11. Give u(i).
-6
Let n(k) = -k**3 + 7*k**2 - 7*k + 5. Suppose 2*z - 79 = -4*y + 1, -2*y = -6. Let c be 21/14*(-56)/3. Let t = c + z. Determine n(t).
-1
Let u(s) be the third derivative of s**6/120 - 2*s**5/15 + s**4/8 - s**3/6 - 1920*s**2. What is u(7)?
-29
Suppose -3*a = -7*a + 32. Let s(t) = -13*t + 0 - a*t + t**3 - 4 - 7*t**2 + 22*t. Determine s(7).
3
Suppose -r = 4*r + 35. Let z(i) = 5*i. Let j(y) be the first derivative of -7*y**2/2 - y + 7. Let b(h) = 2*j(h) + 3*z(h). Give b(r).
-9
Let w(f) be the third derivative of 7*f**4/24 - 2*f**3 - 1085*f**2. Determine w(-3).
-33
Let p(q) = -2*q**2 + 7*q - 17. Suppose 167*o - 195 = 81*o + 47*o. Determine p(o).
-32
Let g(h) = h + 12. Let t(n) = -n**2 - 17*n - 114. Let r be t(-17). Let w be r/12 + 9 - (-10)/(-4). What is g(w)?
9
Let b(h) = 2*h + 3. Let i be b(-2). Let x(t) = 20*t**3 - t**2 + t + 6. Let j(f) = -143*f**3 + 7*f**2 - 5*f - 41. Let k(m) = j(m) + 7*x(m). Give k(i).
2
Let q = -5945/2 + 2981. Let k(c) be the first derivative of q*c**2 + c - 41. Determine k(1).
18
Let n(m) = m**2 + 9*m + 14. Let q be n(-7). Let d = q - -1. Let c(k) = -k**3 + k**2 + k - 1. Give c(d).
0
Let q(i) = 71322 - 35675 - 35680 - i**3 + 12*i**2 - 9*i. Determine q(11).
-11
Let o be 62 - (4 - (-4 - 4)*-1). Let t = o - 60. Let u(b) = -b - 29 + 0*b + 22. What is u(t)?
-13
Let a(n) be the third derivative of n**5/60 + n**4/24 - 7*n**3 + 1779*n**2. What is a(6)?
0
Suppose -3*s = 3*t - 0*s - 393, -4*s - 126 = -t. Let b = 135 - t. Let m(o) = 0*o - 2*o - 4 + o - o**2 + 7*o. What is m(b)?
1
Let m be (-3 - -40)*(-4)/(-4). Let f = 35 - m. Let h(k) = 2*k**2 + 4*k + 5. Let n be h(f). Let l(t) = t**3 - 6*t**2 + 6*t - 6. Determine l(n).
-1
Let a(r) = 3*r - 4*r + 7*r**2 - 2*r - r**3 - 8. Let m be a(6). Suppose -7*q = -2*q + m. Let h(d) = d**2 + 4*d + 2. Determine h(q).
-2
Let v(c) = c**2 - c - 2. Let d be 2/(-10) + 3978/(-10). Let p = d + 396. Calculate v(p).
4
Let w(g) = -g**3 + 14*g**2 - 21*g + 8. Let v = 8565 - 8553. What is w(v)?
44
Let v be 240/(-75) - 2673/(-165). Let i(x) = -2*x**3 + 26*x**2 + x + 4. Calculate i(v).
17
Let c(o) be the third derivative of 17*o**6/60 - o**5/60 + o**4/6 - 5*o**3/6 - 10161*o**2. Calculate c(1).
32
Let z(c) = -12*c - 82. Let p be z(-14). Let j(n) = 9*n**3 - n + 90*n**2 - 10*n**3 - p*n**2 - 2. Give j(3).
4
Let h(l) = -l**3 - 5*l**2 + 3*l - 2. Suppose -59*g + 1176 = -17*g. Suppose -165*k - g = -158*k. What is h(k)?
-30
Let a(q) = -3*q + 7. Suppose 52*v - 12*v - 76 = 44. Calculate a(v).
-2
Let o(p) be the third derivative of p**5/60 - 3*p**4/4 + 2*p**3 + 2*p**2. Suppose -4*t + 37 = u, -3 = -2*t + 7. Let i be o(u). Let l(y) = 2*y + 4. Give l(i).
-6
Let q(o) = -o**2 - 4*o + 7. Let s be q(0). Let b(i) = 19*i + s*i - 27*i - 2. Let f(w) = -4*w - 1. Let h be f(-1). Determine b(h).
-5
Let y = 78 + -75. Let i(l) = -3*l**2 + 0*l**2 - l**y + 4 - 5 + 2*l**2. Let p(n) = 8*n**3 + 4*n**2 - n + 6. Let o(z) = -6*i(z) - p(z). What is o(-1)?
3
Let t(b) = 3*b**2 + 6*b - 41. Let n be t(8). Let z(j) = 0*j**2 + n - j**2 + 2*j**2 - 5*j - 196. Determine z(2).
-3
Let a(r) = 5*r**2 + 3*r - 4. Let f(l) = -4*l**2 - 3*l + 4. Let z be 126/(-210) - ((-28)/5 - -1). Let i(u) = z*f(u) + 3*a(u). Give i(-5).
-6
Let r(q) = 10*q - 43. Let h = -2450 + 2455. Give r(h).
7
Let n(t) be the second derivative of -t**4/12 - t**3/2 - 5*t**2/2 - 4*t - 48. Give n(0).
-5
Let j(t) be the first derivative of 1/2*t**3 + 5*t**2 + 12 + 0*t - 1/12*t**4. Let u(q) be the second derivative of j(q). Give u(3).
-3
Let c(m) = -m - 13. Let r be c(-21). Suppose r*u + 20 + 28 = 0. Let z(w) be the second derivative of w**4/12 + w**3 + 3*w**2/2 - 2*w. What is z(u)?
3
Let r(k) = -74 - 12*k - 5*k + 21 - 44*k + 15*k + 2*k**2. Give r(24).
-5
Let i(m) = -22*m + 26*m + 5*m**2 - 4*m**2 - 7*m**3 - 5*m. Determine i(1).
-7
Suppose 0 = -3*d - 2*n + 44, -6*d + 3*n = -5*d. Let u(z) = -z**3 + 13*z**2 - 14*z + 14. Give u(d).
-10
Let g be (8/10)/(7/35). Let q(i) = -5*i - 6. Let j = 31 - 25. Let f(w) = 4*w + 5. Let l(k) = j*f(k) + 5*q(k). Calculate l(g).
-4
Let w(d) = -d**3 + 12*d**2 - 20*d + 90. Let i(x) = x + 58. Let g be i(-47). What is w(g)?
-9
Let x(h) = 509 + 507 - 1001 - 2*h + 5*h. Give x(-6).
-3
Let u = -38 + 47. Suppose 0*o + u = o. Let k(l) = 10 + l + o + 6 - 23. Give k(0).
2
Let r(u) = 34*u + 35. Let z(v) = -19*v - 20. Let l(g) = 4*r(g) + 7*z(g). Let j(d) = 3*d**2 - 2*d**2 + 7*d - 1 + 0*d. Let t be j(-7). Calculate l(t).
-3
Suppose 2*b + 101 = 7*s, 3*b = 4*s - 7 - 47. Let c(i) = -7*i**3 + 9*i**2 - 12. Let m(t) = 15*t**3 - 17*t**2 + 25. Let o(u) = -13*c(u) - 6*m(u). What is o(s)?
6
Let h(b) = -b**2 - b - 1. Let q(n) = -5*n**2 - n - 2. Let d(t) = 3*h(t) - q(t). Suppose 13*o = 8*o + 750. Let l = o + -151. Calculate d(l).
3
Suppose 15 + 12 = -2*f + 3. Let r(m) = m**2 + 10*m + 8. Calculate r(f).
32
Let s be ((-9)/(-1) + -2)/(-4 - (-36)/8). Let v(b) = b**3 - 12*b**2 - 27*b - 14. What is v(s)?
0
Let a be 7 + (-9)/6*(4 - 2). Let y(f) = f**3 - 7*f**2 - f - 12. Calculate y(a).
-64
Let p = 4326 + -4321. Let u(a) be the first derivative of -a**2 - a - 2. What is u(p)?
-11
Suppose -90*h + 482 = -58. Let y(i) be the second derivative of i**4/12 - i**3/2 + 2*i**2 + 4*i. Determine y(h).
22
Let i(y) = 2 + 9591*y + 9592*y - 8*y**2 + y**3 - 19178*y. Calculate i(8).
42
Let p = -11195 + 11192. Let q(t) = -5*t - 6. Calculate q(p).
9
Let j(y) = -4*y**3 + y**2. Let f(u) = u**2 - u - 6. Let r be f(-7). Let h be ((r/(-15) + 3)*3)/(-1). What is j(h)?
-3
Let v(d) = -5*d + 18. Let n = -465 - -375. Let u be (-2)/(-6*(-6)/n). Calculate v(u).
-7
Let y = -213 + 216. Let q(u) = 9*u + 5. Let o(g) = -10*g - 7. Let l(c) = y*o(c) + 4*q(c). Calculate l(3).
17
Suppose 0 = v - 4*g + 11, g + 8 - 19 = 3*v. Let t be (-24)/(-40) + v/5. Let x(p) = -p**2 - p - 1. Give x(t).
-1
Let o(c) = -c**3 - 12 - 5 - 12*c + 14*c**2 - 2. Let a be o(13). Let r(p) be the third derivative of p**4/8 + p**3/6 - 4*p**2 - 235*p. What is r(a)?
-17
Suppose 4*g - 154 = -7*g. Let a(u) = -2*u + 38. Let r be a(g). Suppose 18*i - 28*i = -r. Let c(h) = 3*h**2 + 1. Give c(i).
4
Suppose 6*r = 39 - 15. Suppose r*z + 324 = 332. Let s(w) = 8*w - 4. Calculate s(z).
12
Let n = 21388 - 21388. Let h(y) be the third derivative of 0 + 0*y**3 - 27*y**2 - 3/20*y**5 + 1/24*y**4 + 1/120*y**6 + n*y. Calculate h(9).
9
Let a(z) = -4*z**2 + 22*z + 7. Let n(b) = -b**2 + 6*b - 2. Let t(q) = -a(q) + 3*n(q). Give t(7).
8
Let g be (-2636)/(-22) - 2/(-11). Let u = g + -127. Let w(x) = x**2 + 7*x + 9. Determine w(u).
9
Let q(v) = v**3 - 9*v**2 + 9*v - 13. Let f(a) = -a**3 + 16*a**2 - 20*a + 27. Let u be f(15). Let x be (0 + u)/(-4)*8/12. What is q(x)?
-5
Let a be -5 + -8 - (-54 + 61). Let b(o) = -o**3 - 21*o**2 - 18*o + 6. Give b(a).
-34
Let c(z) = -10*z**2 - 34*z - 2. Let i(t) = 9*t**2 + 31*t + 2. Let u(g) = 10*c(g) + 11*i(g). Calculate u(1).
2
Let v(f) be the second derivative of -f**4/12 - 3*f**3/2 + 37*f**2/2 + 1592*f. Calculate v(-11).
15
Suppose 0 = f - h + 390, 4*h + 13 + 3 = 0. Let o = f - -383. Let p(b) = b**3 + 10*b**2 - 10*b + 9. Calculate p(o).
-2
Let p be (-2)/(-12) + (-171)/54. Let g(m) = m**3 + 2*m**2 - 3*m - 6. Let r be g(p). Let j(d) = -d - 5. Calculate j(r).
1
Let g(i) be the third derivative of 7/60*i**5 + 0*i + 0 - 1/6*i**3 - 32*i**2 - 1/8*i**4. Let s(v) = 6*v**2 - 4*v - 1. Let h(x) = -5*g(x) + 6*s(x). What is h(8)?
-9
Let 